 4. What is s(j)?
-1
Let c(h) = h**2 + h. Suppose -5 = -x - 1. Let f = 5 - x. Give c(f).
2
Suppose 4*y + 24 = -2*f, -2*y - 16 = -f - 0*f. Let w(d) = d**2 + 5*d - 10. Give w(y).
4
Let z be (-1*2)/(24/(-36)). Let t(j) = 2*j + 2. Give t(z).
8
Let y = 9 + -8. Suppose -y = -2*d + 3. Let p(m) = -m + 1. What is p(d)?
-1
Suppose -5*f + 4*o = 8, -f - 2*o + 5 = -5*o. Let v(l) = l**3 + 4*l**2 + l. Calculate v(f).
-4
Let m(d) = 8 + 394*d - 395*d - 1. Give m(6).
1
Let k(z) = 5*z. Let a = 2 + -1. Determine k(a).
5
Let y(q) = q - 2. Let l be y(-3). Let r = -1 + 3. Let o(c) = c. Let b(k) = -7. Let g(a) = r*o(a) - b(a). What is g(l)?
-3
Let q(v) = -v**2 + v + 3. Let b(u) = -7*u + u**2 - 4 + 0*u**2 + u**2 - 3*u**2. Let f be b(-6). Let d be f/8*-2*-8. What is q(d)?
-9
Let v(f) be the third derivative of 0 - 2/3*f**3 + f**2 + 1/6*f**4 + 0*f + 1/120*f**6 + 1/10*f**5. What is v(-5)?
1
Let u(x) = -x**3 + 9*x**2 + 2*x + 2. Let w be u(9). Suppose 0 = 5*n - w - 5. Let s(v) = -v + 3. Determine s(n).
-2
Let u(i) = -i**2 - 4*i - 4. Suppose 5 = -6*l - 13. Calculate u(l).
-1
Let s(v) = 6*v**3 + v**2 - v - 1. Let o = 41 - 42. Calculate s(o).
-5
Suppose -2*q - 3*q - 4*a + 27 = 0, q + 3*a = 12. Suppose 5*k - 5*o - 10 = 0, -5*k - q*o + 10 + 16 = 0. Let s(n) = -n**3 + 3*n**2 + 6*n - 3. Calculate s(k).
5
Suppose 2*y + 20 = -a, -3*a = 2*a + 4*y + 94. Suppose -z + 26 = -3*z. Let h = a - z. Let v(l) = -l**3 - 6*l**2 - 3*l + 7. Calculate v(h).
-3
Let h(w) = -8*w + 0*w - 2*w + 2*w. What is h(1)?
-8
Let l(v) = 3 + 4 + 10*v - 2 - 11*v. Give l(5).
0
Let x(y) = y**3 + 6*y**2 + 5*y - 6. Let c(t) = 0*t**2 - 4*t**2 + 5*t**2 + 4*t - 2. Suppose -3*o + 2*o = -z + 1, z - 5*o = 17. Let r be c(z). Calculate x(r).
-6
Suppose -4*u = -u - 3. Let m = u + -5. Let s be (-2)/(1/(-2)*m). Let r(q) = -4*q**2. What is r(s)?
-4
Suppose -2*w = 4*j + 2, w + j - 4 + 2 = 0. Let s(d) = 2*d - 6 + 4*d**2 + 2*d - d. Let k(y) = -3*y**2 - 4*y + 6. Let q(g) = -5*k(g) - 4*s(g). What is q(w)?
9
Let u(g) = g**2 - 12*g + 5. Suppose 10*x = -3*x + 156. Determine u(x).
5
Suppose 0 = 5*g - 5*x + 35, 5*g + 2*x = x - 23. Let t(l) be the second derivative of l**5/20 + 5*l**4/12 + l**3/6 + 7*l**2/2 + 11*l. What is t(g)?
2
Let l(f) = -f**2 + 1 + 0 - f - 2. Let x be (6/(-1))/(2 + -4). Let s be (x + (-3)/3)/(-1). Calculate l(s).
-3
Let p(k) = -2 - 6 + 10 - 4 - 3*k**2 + 3*k. Determine p(2).
-8
Let g(m) = 3*m**2 + 4*m**2 - 9*m**2 - m**3 + 7*m**2 - m + 7. Give g(5).
2
Let l(i) = i**3 - 6*i**2 - 7*i - 3. Let d(n) = -n**3 - 5*n**2 + 7*n + 13. Let m be d(-6). Calculate l(m).
-3
Let v(r) be the second derivative of -r**4/12 + r**3/6 + 2*r**2 - 9*r - 2. Determine v(0).
4
Let x(j) = -j**2 + 7*j + 9. Suppose 0 = 3*c + 3*b - 12, 3*c - 6 = -4*b + 3. What is x(c)?
9
Let o(k) be the second derivative of k**5/10 - k**4/4 + k**2 + k. Suppose -w = 2*w. Let v be (-1 - w)*(-12 + 10). Determine o(v).
6
Let w(l) = l**3 - 4*l**2 + l + 1. Let m = 16 + -13. Give w(m).
-5
Let c be ((-52)/(-4) + -6)/(2/(-2)). Let o(l) = 3*l. Calculate o(c).
-21
Let q(z) be the third derivative of z**6/120 + z**5/12 + z**4/6 + z**3/3 - 4*z**2. Calculate q(-4).
2
Suppose 4*s = -0*s. Let g(n) = -n**3 - n**3 + n**2 + n**3. What is g(s)?
0
Let t(z) = 1 - 7*z + 2*z**2 - z**2 - 6*z**3 + 0*z + 5. Let c(o) = -5*o**3 + o**2 - 6*o + 5. Let b(g) = -5*c(g) + 4*t(g). Determine b(2).
7
Let y(c) = -c**2 + 1. Let s be y(1). Let r(l) be the second derivative of -l**3/6 - l. Give r(s).
0
Suppose -5*r + j + 4 = 0, -11 = -5*r - 5*j - 1. Let d be (-1 - r)/(2/5). Let a(p) = p**2 + 4*p + 3. Calculate a(d).
8
Suppose 0 = v - 4*v + 24. Suppose 3*a = -v - 1. Let n be 11/3 - 1/a. Let m(y) = -y**3 + 4*y**2 - y + 3. Determine m(n).
-1
Let s(f) be the third derivative of -f**6/120 + f**5/30 + f**4/8 - f**3/3 - 9*f**2. What is s(3)?
-2
Let d(p) = p. Let q(r) = -r**3 + 16*r**2 - 14*r - 13. Let a(f) = f**2 + f + 3. Let j be a(-4). Let m be q(j). Give d(m).
2
Let o = -9 + 4. Let s(r) = -5*r - 5*r**2 - r**3 + 6*r - 2 + 1. Determine s(o).
-6
Let y(a) = 4*a**3 + 12*a - 13. Let r(n) = -3*n**3 - n**2 - 11*n + 12. Let d(l) = -5*r(l) - 4*y(l). Determine d(6).
-2
Let n(a) = a + 3. Let v = -28 - -22. Give n(v).
-3
Let r(s) = -s**3 + 4*s**2 + s - 1. Let x be r(4). Let u(j) = -j**3 + j**2 + 4*j - 1. Determine u(x).
-7
Let s(b) be the first derivative of -b**5/60 + b**4/24 + 2*b**3/3 + 2*b**2 - 3. Let v(i) be the second derivative of s(i). Give v(0).
4
Suppose 5*f - 10 = h, -f - 3*f + 5*h = 13. Let g(l) = -6 + 2 + 1 - l**3 + 4*l + 0 + f*l**2. Suppose -c = 3*c - 12. Give g(c).
9
Let j(m) = 7*m + 3. Let g(h) = 20*h + 8. Let b(u) = -5*g(u) + 14*j(u). Give b(3).
-4
Let d(m) = -2*m - m**2 - 86 + 2*m**2 + 90. What is d(-3)?
19
Suppose 4*j + u - 19 = 4*u, 4*u = 4*j - 24. Let l(i) = 7*i**2 - i + 1. Determine l(j).
7
Let q be -1*2 + (1 - 0). Let l(d) = -4*d**3 - 17*d**2 - 4*d + 1. Let x(b) = 7*b**3 + 31*b**2 + 7*b - 2. Let y(n) = 11*l(n) + 6*x(n). Give y(q).
2
Let a(f) = 16*f**2 - f + 1. Let n be -4*2/(-24)*3. Calculate a(n).
16
Let f(j) = 3*j**2 + 11*j + 18. Let w(z) = -z**2 + 4*z + 12. Let r(c) = -2*c**2 + 3*c + 12. Let d(v) = 3*r(v) - 4*w(v). Let n(g) = 7*d(g) + 5*f(g). Give n(-4).
-2
Suppose 0 = -5*f + d + 3*d - 5, 2*f = 5*d + 15. Let a(c) be the second derivative of c**5/20 + c**4/3 - c**3 + 7*c**2/2 + c. Calculate a(f).
12
Let k(v) = 10*v + 1. Let p = 42 - 25. Suppose 0 = 3*w + 4*z + p, 0 = w + 4*w - 2*z - 15. What is k(w)?
11
Let o(c) = -5 - 7*c + 0*c**2 - c**2 + 11. What is o(-6)?
12
Let g(a) = -2*a - 6. Suppose -3*o - 3*k + 44 = k, -20 = 5*k. Suppose -4*v = v - o. Suppose -3*f - v = -2*f. Calculate g(f).
2
Suppose -9*b - 56 = -11. Let x(q) = q**3 + 4*q**2 - 4*q + 3. Give x(b).
-2
Let y(d) = -d - 5. Let f(z) = -2*z**2 + 10*z + 6. Let h be f(6). Determine y(h).
1
Let o(i) = 7*i**3 + 2*i**2 + 3*i + 4. Let c(k) = -13*k**3 - 5*k**2 - 7*k - 9. Let y(x) = -6*c(x) - 11*o(x). Calculate y(-7).
-4
Let b(j) = -j**3 + 2*j**2 - 3*j + 1. Let l(o) = o - 3. Let g(q) = q + 12. Let z be g(-7). Let y be l(z). What is b(y)?
-5
Let k(u) = -4*u**3 + 2*u + 1. Let n = 2 + 0. Suppose 10 = 2*y + 4*w, 4*y - 3*y = -w + n. Let x(a) = a. Let g be x(y). Give k(g).
3
Let v = -3 - -6. Let p = -3 + v. Let r(o) be the second derivative of -o**4/12 - o**3/6 + 5*o**2/2 + 2*o. Calculate r(p).
5
Suppose -4*f - 25 = f. Let c(o) = o**2 + 9*o - 3*o + 0*o**2 - 5. Give c(f).
-10
Let b(t) be the second derivative of -t**4/4 + t**3/3 + 6*t. Give b(2).
-8
Let p(z) be the third derivative of -z**6/120 - z**3/6 - z**2. Let o = -5 - -3. Let m = o - -1. Calculate p(m).
0
Let a(f) = f**3 - 5*f**2 + 2*f - 7. Let j be a(5). Let p(l) = 4*l + l**j + 2*l + 0*l**3 - l**2 - 4*l. What is p(2)?
8
Let m(t) be the first derivative of -t**4/4 - 4*t**3/3 + t**2 + 5*t - 1. Calculate m(-4).
-3
Let a(p) = p**2 - p - 7. Let k be a(-3). Let m(h) be the third derivative of -h**5/60 + h**4/4 + h**3/2 - 4*h**2. What is m(k)?
8
Let t(n) = -n**3 - 5*n**2 - 2*n - 6. Let z be ((-6)/4)/(3/4). Let u be 15/z*8/(-12). Suppose v + u = 0, y + 15 = -v - v. Determine t(y).
4
Let u(v) = -v**3 + 5*v**2 - 2*v + 2. Let a = 0 - -10. Suppose -2*y + 0 + a = 0. Give u(y).
-8
Let u(y) = y + 7. Let d be u(-4). Let f(m) = 2 + m**3 - 6*m**3 - d*m**2 + m**3 + 5*m**3. Suppose -4*r - 4 = -16. Determine f(r).
2
Let d(p) be the first derivative of p**2/2 - 2*p - 4. Suppose -3*u + 14 = v, u = 3*v + 18 - 0. Let s = -10 + u. Give d(s).
-6
Let a(y) be the third derivative of y**4/4 + y**3/2 + 5*y**2. What is a(-2)?
-9
Let v = 113 + -110. Let y(z) be the first derivative of -1/3*z**v - 7*z + 1 - 1/2*z**2. Calculate y(0).
-7
Let n(p) be the second derivative of -p**5/20 + 7*p**4/12 - 5*p**3/6 - 3*p**2 + 4*p. Determine n(6).
0
Suppose h - 7 = -19. Let b be (h/15)/((-4)/(-10)). Let u(d) = -d**2 - 4*d - 1. Calculate u(b).
3
Let r(o) = -6*o**3 + 4*o**3 + 0 + 1 - 3*o**2. Suppose -4*z - 58 = -50. Give r(z).
5
Let n(w) = -w - 1. Let j(z) = 2*z - 2. Let f(u) = -j(u) + 5*n(u). Determine f(-2).
11
Suppose 0*a + 5*b - 20 = 4*a, 2*a + b = 4. Suppose 0 = -t + 3. Let z(w) = 4 + 5*w**3 + w**2 - 5*w**3 - t*w**3 + 2*w**3. Determine z(a).
4
Let r(p) = -2*p + 24. Let c be r(15). Let g(z) = z**3 + 5*z**2 - 8*z - 6. Calculate g(c).
6
Let v(a) = 2*a + 1. Let n(g) = -g + 1. Let s be (-42)/(-14) - 1*2. Let y(r) = s*v(r) + 3*n(r). Determine y(3).
1
